4. What is the tens digit of i?
1
Let m(n) = 14 - 8 + 5*n + 9 - n. What is the units digit of m(5)?
5
Let s(c) = c**3 - 5*c**2 - 6*c + 7. Let n be s(6). Suppose -n*l = -4*l - 30. What is the units digit of l?
0
What is the units digit of (-205)/(-5) + 1 + 3?
5
Suppose -33 = -2*a + 13. What is the tens digit of a?
2
Let z = 6 - -2. Suppose -o - 2*j = 4, -z = o + o + 3*j. What is the units digit of (-38)/o + (-1)/(-2)?
0
Let c(m) = 2*m + 3. Suppose 5*l + 6*f - 4*f = 8, 5*l - f = 11. Let a = l - -2. What is the units digit of c(a)?
1
Suppose -12*r = -16*r. What is the units digit of 132/3 + 0 - r?
4
Let d = -41 + 25. Let w = -4 - d. What is the tens digit of w?
1
Suppose -44 = 8*n - 4*n. Let h = n - -21. What is the units digit of h?
0
Let q(h) = h**3 + 4*h**2 - h. Let l be q(-4). Suppose -4*w + 55 = w + l*f, -90 = -5*w + 3*f. What is the tens digit of w?
1
Suppose 10 - 622 = -4*v. What is the tens digit of v?
5
Let c(l) = 151*l - 2. What is the units digit of c(1)?
9
Let x = -5 - -5. Let m be 6 + -2 - (x - 1). Suppose 0 = -m*n + 3*n + 30. What is the units digit of n?
5
Let j(y) = -12*y**2 + y + 2. Let p be j(2). What is the tens digit of (-5)/(10/p) + 0?
2
Let y(s) = s + s**2 + 4 - 1 + 3 - 5. Let c be y(-2). Suppose 0 = c*i + 2*l - 26, -4*i - 3*l + 33 = -0*l. What is the tens digit of i?
1
Let b(j) = j**2 + 5*j**3 + j - 6*j**3 + 2 + 4*j**2. What is the tens digit of b(4)?
2
Let x be (8/4)/((-2)/44). Let h = -7 - x. What is the tens digit of h?
3
Suppose -71*g + 72*g = 66. What is the tens digit of g?
6
Suppose -22 = -5*m + 18. What is the units digit of m?
8
Let s be -1*1*24/(-8). Suppose 0*t - s*t = -45. What is the tens digit of t?
1
Let k(y) = 7*y - 7. Let j be k(-3). Let g = 65 + j. What is the tens digit of g?
3
Let r(b) be the second derivative of b**3/6 - 7*b**2/2 + 3*b. What is the units digit of r(9)?
2
Suppose 12*p - 240 = 3120. What is the hundreds digit of p?
2
Suppose 5*m - 28 = -3, 0 = -g + 2*m - 8. Suppose -4*k = -g*k. What is the tens digit of 54/3 - (0 - k)?
1
Let n(u) = -3*u**2 - 2. Let s be n(-2). Let l(j) = -j**2 + 2*j - 7. Let c be l(0). Let q = c - s. What is the units digit of q?
7
Let a(f) = 28*f**2 - 1. Let p be a(-1). Suppose -p = -5*d - 72. What is the units digit of (d/3)/3 - -5?
4
Let p = 220 + -148. What is the units digit of p?
2
Suppose -4*s + 304 = -5*d + d, d - 240 = -3*s. What is the tens digit of s?
7
Let q be ((-1)/3)/(1/(-6)). Let z be (q - 3/3) + 2. Suppose z*o - 17 = -b, -5*b + 6 = 3*o - 43. What is the units digit of b?
8
Let t be (-5)/((-15)/6) - 0. Suppose 0 = t*x - 5*o + 7 - 24, 2*x - 4*o = 18. What is the units digit of x?
1
Let j(n) = -19*n. What is the tens digit of j(-2)?
3
Let z = 51 + -35. What is the units digit of z?
6
Let p = -4 - -1. Let x(d) = 1 - 1 + 3*d + 5*d**2 - 4 + d**3. What is the units digit of x(p)?
5
Let l = 0 - -8. What is the units digit of -1 + l + (-12)/6?
5
Let d = 175 - 75. What is the hundreds digit of d?
1
What is the tens digit of -4 + 19/(-3)*-3?
1
Let h(j) = -j**3 + 3*j**2 + 7*j + 4. What is the tens digit of h(-3)?
3
Suppose 4*g + 48 = 4*p, 0 = -g - g - 5*p - 24. Let n = -3 - g. What is the units digit of n?
9
Let f = 201 - 105. What is the tens digit of f?
9
Suppose 24 = 2*i - 26. What is the units digit of 540/i + 2/5?
2
Suppose 3*q + f - 63 = -2*f, 5*f = 10. Suppose -5*v - q = -6*v. What is the units digit of v?
9
Suppose -q - 1 - 7 = -4*y, 0 = q - 3*y + 5. Suppose 3*z = -5*w + 13, 7*z - 3 = q*z. What is the units digit of w?
2
Suppose 0 = -4*p + 5*k - 109, k + 2 - 3 = 0. Let v = -40 - p. Let o = v + 25. What is the units digit of o?
1
Suppose -4*u - 38 = u + 2*g, u - 3*g + 11 = 0. Let k = 0 + u. What is the units digit of (-6)/8*192/k?
8
Suppose 2*i = -i. Suppose t + 0*t - 18 = i. Suppose 0*f + 3*f = t. What is the units digit of f?
6
Suppose 2*d = 4*a - 56, -5*a - d = 4*d - 85. What is the tens digit of a?
1
Let n(z) = z**2 + 3*z - 5. What is the units digit of n(-5)?
5
Suppose -l = -0*l - 24. Let d be (3/(-4))/((-1)/l). What is the units digit of (1 - d/4)*-2?
7
Let v = -12 - -19. Let q = v + -5. Suppose q*f - 11 = f. What is the units digit of f?
1
Let q(b) = b + b - b + 7. Let o = -13 + 7. What is the units digit of q(o)?
1
Suppose -81 = -2*k + 3*c, -4*c + 48 + 97 = 5*k. What is the tens digit of k?
3
Let z be 0/((0 + 1)/(-1)). Suppose 0 = -3*s + 12 - z. What is the units digit of s?
4
Let k = 61 + -29. Suppose 3*z - 3*w - k = -z, 4*z + w - 48 = 0. What is the tens digit of z?
1
What is the units digit of 727/4 + 12/(-16)?
1
Let m = -8 - 4. Let p = m - -44. What is the units digit of p?
2
Let c = 137 + -88. What is the units digit of c?
9
Suppose h = 9 + 17. What is the units digit of h?
6
Suppose 2*b - 61 = b. Suppose -14 = -d - 3*g + 13, 5*g = -3*d + b. What is the tens digit of d?
1
Let l(d) = 2*d**3 - d**2 - 2*d + 1. Let s be l(2). Let t = 17 - s. What is the units digit of t?
8
Let f = -2 + 7. Suppose 0 = f*x + 2*m - 70, -m = -2*x - 2*m + 27. What is the units digit of x?
6
Let m be 6/(-10) + (-18)/(-5). Let o(f) = -f - 2. Let w be o(-4). Suppose w*l + 17 = m*l. What is the units digit of l?
7
Let d(f) = -3 + 4*f**2 - f**2 - 2*f**2 - 2*f. Suppose 5*l - 8 = 3*l. What is the units digit of d(l)?
5
Suppose -5*m = -6*m + 2. Suppose -m = -f + 6. Let q = f + -7. What is the units digit of q?
1
Suppose 0 = 2*o + 14 - 170. Suppose 3*d + 0*d = o. What is the tens digit of d?
2
Let b = -44 + 95. What is the units digit of b?
1
Suppose -5*c + l + 2*l = -1164, -c - 4*l = -242. What is the hundreds digit of c?
2
Let t = 45 + -27. What is the units digit of t?
8
Suppose -4*u + 4*w + 0*w = 24, -2*u - 9 = -w. Let v = -59 - -51. Let q = u - v. What is the units digit of q?
5
Let i(j) = 270*j**2 - 4*j + 1. What is the hundreds digit of i(1)?
2
Let l be 10/(-35) + (-338)/(-7). Let x = l + -24. What is the units digit of x?
4
Let a(k) = -k**3 - 8 + 12 + k + k**2 - 5*k**2 - 6*k. What is the tens digit of a(-4)?
2
What is the units digit of -3 + 0 - (-40 - 1)?
8
Let x(g) = 6*g**3 + g**2 - 1. Let t be x(-1). Let r be (t/4)/(2/(-4)). Suppose 9 = -0*l + r*l. What is the units digit of l?
3
Suppose -15 = 2*b + 3*b. Let y(k) = 3*k**2 - k + 3. What is the tens digit of y(b)?
3
Let q = 3 + 2. Suppose 5*p - 45 - 20 = -q*w, 2*p = -w + 14. What is the units digit of w?
2
Suppose 116 = -m + 3*m - 3*o, 2*m = 4*o + 116. What is the units digit of m?
8
Let t(a) = -3*a - 4. Let u(c) = 7*c + 9. Let b(q) = -9*t(q) - 4*u(q). Let p be b(-2). Let n(m) = -m**2 + 2*m + 1. What is the units digit of n(p)?
1
Let v(u) = u - 15. Suppose 5*q + 5 = b - 5, 20 = 2*b + 4*q. Let p be v(b). Let o = p - -9. What is the units digit of o?
4
Let t be 15/5*3/1. What is the tens digit of ((-66)/t)/(2/(-3))?
1
What is the units digit of (-426)/(-7) - 4/(-28)?
1
Suppose 11*n = 16*n - 55. What is the units digit of n?
1
Let d(q) be the third derivative of -q**4/6 - q**3/3 + 3*q**2. Let b be d(2). Let s(w) = w**3 + 10*w**2 + 10. What is the units digit of s(b)?
0
Let l(d) = -d - 3. Suppose -3 = 3*n + 9. What is the units digit of l(n)?
1
Let n be 2/4 + 1794/12. Suppose n = 4*w + 5*v, -3*v = -2*w - 5*v + 74. What is the units digit of w?
5
Let p = -30 + 57. What is the tens digit of p?
2
Let w(y) = y**3 - 9*y**2 + 9*y - 5. Let i be w(8). What is the tens digit of (-301)/(-28) + i/(-4)?
1
Let k = 2 - -7. What is the units digit of k?
9
Suppose 77 = r - 2*o, 0 = -2*r - 4*o + 59 + 103. What is the units digit of r?
9
Suppose 7 = -5*g + 22. Suppose -g*x = -7*x + 16. What is the units digit of -1 + 6 - x/2?
3
Suppose 3*x + 7 = 1. Let d be ((-5)/2)/(x/4). Suppose 2*h = -5*o - 0*h + 86, 0 = d*o + h - 88. What is the tens digit of o?
1
Suppose -5*l = 3*p - 474, -p + 90 = l + 2*p. Suppose l = d + 3*d. What is the tens digit of d?
2
Suppose 4*q + 0 = -28. What is the units digit of (9/(-6))/(q/266)?
7
What is the tens digit of (0 - 1/(-1))*(-381)/(-3)?
2
Suppose -7*w + 288 = -671. What is the units digit of w?
7
Let n = 3 - -39. What is the tens digit of n?
4
Let w be 7 + (-2)/1 - 1. What is the units digit of (2/6)/(w/24)?
2
Suppose 21 = 5*f - 4*d, 4 = d + 3. Let m(l) = -2*l**2 + 3*l**2 - 4*l + 1 - 1. What is the units digit of m(f)?
5
Let r = 144 + 92. What is the tens digit of r?
3
Suppose -239 = 4*l - 655. What is the ten